 of b(-2)?
7
Let w = 193 + -188. Suppose -1328 = -3*h + w*g, -42 + 482 = h + g. What is the units digit of h?
1
Let p be -9 + 6 - (-45)/1. Let u be 4/(2 - 80/p). Let v = -5 + u. What is the tens digit of v?
3
What is the tens digit of (-20 + (-60)/4)*(-7)/(147/9216)?
6
What is the units digit of (2 - 41508/(-30))/(18/90)?
8
Suppose 20*i + 2294 = 74. Let q = 228 + i. What is the units digit of q?
7
Let w be (-4 + 8)*(-129)/4. Suppose 112*k = 123*k - 3300. Let u = w + k. What is the hundreds digit of u?
1
What is the units digit of (29950 - (-11 + -6)) + -12 + 4?
9
Suppose -81*y + 607345 = -766658. What is the hundreds digit of y?
9
Let r be (-5 + -959)*2/(-4). Suppose r - 74 = 6*d. Suppose -j - 212 = -4*j - k, -3*k + d = j. What is the tens digit of j?
7
Let w = -39847 + 69514. What is the thousands digit of w?
9
Let w be -1*(-2)/(-6)*0. Suppose 3*z - 1275 = 4*c, 4*z - 3*c - 2*c - 1700 = w. What is the tens digit of z?
2
Suppose 398*l - 649*l = -374*l + 1499985. What is the thousands digit of l?
2
Suppose -4*i + 5723 = o, -8 + 5 = i. What is the tens digit of o?
3
Suppose 424 - 22 = 6*z. Suppose 0*m + i - 277 = -4*m, -z = -m + 2*i. What is the tens digit of m?
6
Let v be (-7)/42 + (174845/6)/11. Let z = 4426 - v. What is the units digit of z?
7
Suppose 3*w + 765 = 3*z, 4*w - 1210 = -4*z - 222. What is the tens digit of z?
5
What is the hundreds digit of (-870)/12*(-9234)/135?
9
Let o = -35 - -33. Let w(a) = -2*a - 1. Let d be w(o). Let y = d + 53. What is the tens digit of y?
5
Suppose 20*y - 3705 - 5235 = 0. What is the tens digit of y?
4
Let g be (0 + (-68)/(-6))/(16/48). Suppose 36 = g*c - 31*c. Suppose 5*n = 3*n, -3*o + c = -5*n. What is the units digit of o?
4
Suppose -5*m = 97*s - 115*s - 374735, -15 = 3*s. What is the hundreds digit of m?
9
Suppose 2 = 5*y - 4*y. Suppose -5*s - 24 = -y*s. Let k(p) = p**3 + 9*p**2 - 4*p - 20. What is the tens digit of k(s)?
7
Let y = 84 + -80. Suppose -y*z = 4, -l = -3*z + 6*z + 20. Let j = 135 + l. What is the units digit of j?
8
Let r(u) = 19*u**2 - 2*u - 7. Suppose -5*x - 10 = -5*b, 8*b + 2*x = 7*b - 10. What is the units digit of r(b)?
3
Let r = 79 - 77. Suppose 0 = 4*d + 3*x - 12, -r*x - 4 = 4. What is the tens digit of 392/d + (-3)/9?
6
Let d = -84 - -1. Let m = 79 + d. Let z = 5 + m. What is the units digit of z?
1
Suppose -5*x = -0*c + c + 66, -4*x = -2*c - 146. Let j = 75 + c. Suppose 0*t - 42 = -j*q + 3*t, 3*q - 29 = t. What is the units digit of q?
9
Suppose 0 = -31*l + 32*l + 490. Let c = 708 + l. What is the hundreds digit of c?
2
Let s(o) = -1076*o + 6193. What is the units digit of s(-43)?
1
Let y be 1/((3/6)/1). Suppose 9 + 33 = -y*l. What is the tens digit of 12/10*(-2170)/l?
2
Suppose 0 = -o + 2942 + 1965 + 3310. What is the hundreds digit of o?
2
Suppose -3*h + 6482 + 11797 = -3*b, -12186 = -2*h + b. What is the units digit of h?
3
Let g(x) = -x**3 - 13*x**2 - 12*x + 3. Let p be g(-12). Suppose 15 = -f - 4*f, 5*z + 1294 = -p*f. Let u = z - -365. What is the units digit of u?
8
Let t be 4264/(-32) - (-1)/4. Let w = -55 - t. Suppose 3*l - 303 - w = 0. What is the hundreds digit of l?
1
Let f be (28 + 5)*3/9. Suppose -1488 = f*o - 15*o. What is the units digit of o?
2
Let z(p) = -p**2 - 10*p - 26. Let x be z(-5). What is the hundreds digit of x/(-8) - 20025/(-120)?
1
Let f(w) = 6*w - 72*w - 49*w - 2 - 29. What is the tens digit of f(-3)?
1
What is the thousands digit of 3 - -9298 - 18/((-198)/(-55))?
9
Let c be (-4712)/(-19)*((-46)/(-8) - 0). Let u = c - 793. What is the hundreds digit of u?
6
Let h(j) = 371 - 290 - 428 + 37*j. What is the units digit of h(29)?
6
Let i be -3*(-12)/27*-126. Let x = 286 + i. Suppose 0 = 4*f - 2*k - x, -2*f + 3*f = 5*k + 7. What is the tens digit of f?
3
Let u(d) = -8184*d + 28. What is the tens digit of u(-4)?
6
Let s = 5316 - 3362. What is the thousands digit of s?
1
Let v = -7552 + 7550. Let y = 7 + -4. What is the units digit of (y + 0)*((-5)/3 - v)?
1
Suppose 19*h = 1243 + 904. Let q = -252 - -558. Let v = q - h. What is the hundreds digit of v?
1
Let r = -4 + -2. Let g be r/(-4) - (75/(-10) - 1). Suppose 0 = 6*f - g*f + 312. What is the tens digit of f?
7
Let v(z) = 43 - z - 6*z + 11*z + z. Let r be v(-8). What is the units digit of 1/r + (-3 - 1500/(-9))?
4
Suppose 2*c - 4 = g, 5*c = g + 2 + 2. Suppose -16*a + 11*a - 30 = c. Let t(p) = p**3 + 7*p**2 + 8*p + 14. What is the units digit of t(a)?
2
Suppose 14*b - 12*b - 834 = 0. Let m = b + -18. What is the tens digit of m?
9
Let c = -7879 - -14492. What is the tens digit of c?
1
What is the ten thousands digit of (-728234)/(-37) + 2*(-1)/2?
1
Suppose 23*i - 38*i + 2715 = 0. Suppose -2*f + 238 = 4*z, 3*z = -3*f + 129 + 225. Let o = i - f. What is the units digit of o?
4
Let u(w) = w**3 - 33*w**2 + w - 28. Let i be u(33). Suppose b - 3359 = -i*p, 0*p - 3*p + 2*b = -2005. What is the tens digit of p?
7
Suppose -u - 5*b + 172 = 0, 5*u + b = -278 + 1114. Let z be ((-3)/6)/((25/3240)/(-5)). Suppose -u = -2*t + 3*i, -3*i = 4*t + i - z. What is the tens digit of t?
8
Suppose 4*n + 10 = 5*n. Let k(i) be the first derivative of i**4/4 - 10*i**3/3 + 7*i**2/2 - 15*i + 16. What is the tens digit of k(n)?
5
Let w(o) = -31 + 383*o**2 - 758*o**2 + 379*o**2 - 5*o**3 - 4*o. What is the tens digit of w(-6)?
1
Suppose j - 5616 = -4*w, 128*w = 2*j + 124*w - 11220. What is the tens digit of j?
1
Suppose 3*a + 6 = 45. Suppose 0*v + 21 = 5*b - 4*v, 0 = 3*b - 2*v - a. Suppose b*i - 4*f - f + 5 = 0, 23 = 2*i + 3*f. What is the units digit of i?
4
Let j(w) = 36*w + 124. Let p be (-1)/((-5)/(-15) + (-57)/144). What is the units digit of j(p)?
0
Let p(f) = 6*f - 4 + 10*f - 32*f + 10*f. Let j(x) = 36*x + 25. Let b(o) = -6*j(o) - 39*p(o). What is the units digit of b(2)?
2
Let i = 42 + -32. Suppose 9*x - 23 = i*x. Let n = x + 49. What is the tens digit of n?
2
Let k(c) = -5*c - 3. Let a be k(-4). Suppose 0 = -a*s + 6*s + 7447. What is the hundreds digit of s?
6
Let x(b) be the second derivative of 11*b**5/20 - b**4/24 + 8*b**2 + 13*b. Let r(s) be the first derivative of x(s). What is the tens digit of r(1)?
3
Let m(h) = 926*h + 2807. What is the units digit of m(8)?
5
Let g = 2302 - 9256. What is the units digit of (g/95)/((-1)/5)?
6
Let x(m) = 30*m + 240. Let a be x(-8). Suppose -5*c - 3*n + 59 = a, 9*c - 2*n = 10*c - 16. What is the tens digit of c?
1
Let n = 14601 - 2747. What is the hundreds digit of n?
8
Suppose -r = -r + 4*r. Let b be (3 - r) + (22 - 26). What is the tens digit of 115*(-4 + 3)/b?
1
Suppose -3*g + 146 = 5*u - 200, -u + 59 = 4*g. Let f = 306 - u. What is the hundreds digit of f?
2
Let r(a) = 0*a + a**3 - 1 - 4*a**2 + 3 + 8*a. Let n = -822 + 826. What is the tens digit of r(n)?
3
Suppose -2*x + 59033 = 3*g, 11*x = 3*g + 10*x - 59048. What is the thousands digit of g?
9
Suppose 12*r - 7*r = 4*m - 37415, -5*r = -5*m + 46770. What is the hundreds digit of m?
3
Let b(z) be the first derivative of z**4/4 - 10*z**3/3 + 10*z**2 + 12*z - 14. Let j be b(8). Suppose -j*i + 119 = -43*i. What is the units digit of i?
9
Let d be (-2 + 3)/(1356/(-194) - -7). Let v = 103 - d. Suppose v*n - 186 - 84 = 0. What is the tens digit of n?
4
Let x(s) = 13*s**3 + 4*s**2 - 23*s + 32. What is the thousands digit of x(7)?
4
Suppose -22*f + 267624 + 287898 = 0. What is the hundreds digit of f?
2
Let j(x) = -4*x + 97*x - 99 + 6*x. What is the tens digit of j(5)?
9
Suppose -14 - 14 = -7*h. What is the hundreds digit of 627/5 + (-6)/(-40)*h?
1
Let w be (1 + (-5)/3)/((-36)/(-1134)). What is the hundreds digit of (60/w)/((-6)/1407)?
6
Suppose 0 = 7*u - 9*u + 12, -266990 = -5*y - 5*u. What is the tens digit of y?
9
Let w = 2725 - -9772. What is the units digit of w?
7
Suppose -2*f + 3*j = -66, -j - 118 = -4*f - 6. Suppose -f*l = -33*l + 462. Let d = -27 + l. What is the units digit of d?
0
Let p be (5 - (0 + 152))*-1. Let g = 320 - p. What is the units digit of g?
3
Suppose 0 = -70*u + 8*u + 1068508. What is the tens digit of u?
3
Let t = -858 - -2987. What is the thousands digit of t?
2
Let d(o) = -31*o**3 - 11*o**2 + 9*o - 42. What is the hundreds digit of d(-9)?
5
Let f = -3260 - -4703. Suppose -29*t = -4*n - 32*t + 1923, 0 = -3*n - 3*t + f. What is the tens digit of n?
8
Suppose 2*r - 10*h + 5*h = 10, 0 = -2*r - 3*h + 26. What is the units